 4343085 and 187090.
265
Calculate the greatest common factor of 240 and 4335585.
15
What is the highest common factor of 111628 and 187?
11
Calculate the highest common divisor of 6736635 and 270.
135
Calculate the greatest common divisor of 3184640 and 47272.
2488
Calculate the highest common factor of 676941 and 21.
3
What is the greatest common divisor of 1071 and 759785607?
1071
Calculate the highest common divisor of 292 and 31262834.
146
Calculate the greatest common factor of 174 and 985980.
6
Calculate the highest common divisor of 300374 and 2001502.
2974
Calculate the greatest common factor of 1130 and 7569305.
565
What is the greatest common factor of 91597220 and 2145?
715
Calculate the highest common divisor of 1520664 and 84.
12
What is the greatest common factor of 11820 and 2327460?
60
Calculate the highest common factor of 10815990 and 4156.
2078
What is the highest common divisor of 5690573 and 329?
7
Calculate the greatest common divisor of 5576 and 4166360.
136
What is the greatest common factor of 132 and 13158376?
44
What is the highest common factor of 1715629 and 2245?
449
Calculate the greatest common divisor of 9868560 and 1200.
240
What is the highest common factor of 41587 and 9919?
91
Calculate the greatest common divisor of 2344 and 26729804.
1172
What is the greatest common factor of 35 and 413583485?
35
Calculate the highest common divisor of 236175234 and 6.
6
Calculate the greatest common factor of 352590 and 313950.
4830
Calculate the greatest common factor of 421094 and 60930.
1354
Calculate the highest common factor of 228645 and 3846317.
5081
Calculate the greatest common factor of 53947 and 664361.
739
Calculate the greatest common divisor of 102 and 66510681.
51
Calculate the greatest common divisor of 15437616 and 528.
48
Calculate the greatest common divisor of 1449 and 1116351.
207
What is the highest common divisor of 2711123 and 319?
29
What is the highest common divisor of 6636318 and 104?
26
Calculate the highest common divisor of 23319 and 13734.
9
What is the highest common factor of 1001040 and 610?
10
Calculate the highest common divisor of 1249818537 and 627.
627
Calculate the highest common factor of 42 and 568440502.
14
What is the greatest common divisor of 12798 and 3106122?
474
Calculate the greatest common divisor of 355424 and 2272.
32
What is the highest common factor of 5363 and 2327888?
173
Calculate the highest common divisor of 1049588 and 65278.
514
What is the highest common divisor of 451731310 and 20?
10
Calculate the highest common factor of 491999 and 1113.
53
Calculate the highest common divisor of 4635806 and 492926.
1918
Calculate the highest common divisor of 16360107 and 483.
69
What is the greatest common divisor of 1908 and 53481?
3
What is the greatest common factor of 267144 and 4668?
12
Calculate the highest common divisor of 4157941 and 38.
19
Calculate the highest common factor of 211401 and 2828889.
747
Calculate the greatest common factor of 27132726 and 247242.
2778
Calculate the greatest common divisor of 173 and 407454617.
173
What is the greatest common divisor of 11337 and 19733938?
3779
What is the greatest common factor of 399607 and 22243?
767
What is the greatest common factor of 80554218 and 25816?
922
Calculate the highest common factor of 936 and 233718.
6
What is the highest common divisor of 11368 and 3579586?
58
What is the highest common factor of 115 and 806953735?
115
What is the highest common factor of 302108828 and 3395?
679
Calculate the highest common factor of 125905 and 3521615.
745
What is the highest common factor of 292 and 409157554?
146
What is the greatest common divisor of 58 and 386139002?
58
Calculate the highest common factor of 10729410 and 330.
30
What is the highest common divisor of 3419845 and 351?
13
Calculate the highest common factor of 750 and 540720.
30
Calculate the greatest common factor of 2595 and 411210.
15
What is the greatest common divisor of 2665916890 and 130?
130
Calculate the greatest common divisor of 418 and 992598.
38
What is the greatest common factor of 240454 and 19402?
218
Calculate the highest common divisor of 1003 and 5035230.
17
What is the highest common divisor of 1509843 and 276098?
1087
Calculate the greatest common divisor of 912 and 15400032.
912
Calculate the greatest common factor of 3512642 and 187.
17
Calculate the highest common divisor of 8532435 and 5420.
1355
What is the greatest common divisor of 105734 and 27318?
58
Calculate the greatest common divisor of 413077715 and 113.
113
What is the highest common factor of 640 and 4080020?
20
Calculate the highest common divisor of 9195 and 100837887.
1839
Calculate the highest common divisor of 2359 and 6160.
7
What is the highest common divisor of 166008 and 103992?
24
Calculate the greatest common factor of 10395 and 2070981.
297
Calculate the highest common divisor of 414 and 4193.
1
What is the highest common divisor of 2946 and 14900377?
491
What is the greatest common divisor of 567 and 11451051?
81
What is the greatest common divisor of 4446 and 24522654?
1482
What is the highest common factor of 435535 and 215?
5
Calculate the greatest common factor of 8358635 and 110.
5
Calculate the greatest common divisor of 357193614 and 4566.
4566
Calculate the highest common factor of 25367893 and 1462.
731
What is the greatest common factor of 11212425 and 107163?
3969
What is the greatest common factor of 200 and 4934940?
20
Calculate the greatest common divisor of 30043981 and 1309.
187
Calculate the highest common divisor of 8680 and 7608888.
1736
Calculate the greatest common factor of 1562 and 356675671.
781
What is the highest common divisor of 275432 and 8944?
8
What is the highest common factor of 361438 and 541002?
154
Calculate the highest common factor of 6862 and 2944644.
94
What is the highest common divisor of 10 and 158883780?
10
Calculate the greatest common factor of 39273 and 100348557.
3021
Calculate the highest common divisor of 24397248 and 130944.
5952
Calculate the greatest common divisor of 65 and 2135674645.
65
Calculate the highest common divisor of 204 and 11444088.
12
What is the greatest common factor of 6160 and 89005?
35
Calculate the highest common divisor of 5925 and 16992075.
75
What is the greatest common factor of 224 and 2260440?
56
Calculate the greatest common divisor of 24 and 642329652.
12
What is the highest common divisor of 61329327 and 3?
3
What is the highest common divisor of 296944935 and 590?
295
Calculate the greatest common divisor of 7435509 and 9.
3
What is the greatest common divisor of 28080468 and 143?
13
Calculate the greatest common divisor of 163323160 and 14560.
3640
What is the greatest common divisor of 12814642 and 76426?
206
Calculate the greatest common divisor of 11940 and 6024924.
2388
Calculate the highest common factor of 550221 and 1672.
19
What is the highest common divisor of 18601740 and 18?
18
What is the highest common factor of 550 and 20383100?
50
Calculate the greatest common factor of 86620 and 1225124.
244
What is the highest common factor of 13 and 138837673?
13
What is the greatest common factor of 756 and 4720752?
36
What is the greatest common factor of 17152782 and 342?
114
What is the highest common divisor of 3933039 and 198?
33
What is the highest common factor of 34428205 and 47?
47
What is the greatest common factor of 1024 and 1627731456?
512
Calculate the greatest common divisor of 2490 and 24896514.
498
What is the highest common divisor of 382 and 48865822?
382
What is the highest common divisor of 15574 and 10651418?
1198
What is the greatest common divisor of 1939530 and 5270?
170
What is the greatest common factor of 7544 and 3247200?
328
What is the greatest common divisor of 20 and 1346348?
4
Calculate the greatest common factor of 30 and 1691814.
6
Calculate the greatest common divisor of 352 and 506603240.
88
What is the highest common factor of 841699 and 14693?
2099
Calculate the highest common factor of 688864 and 21824.
352
Calculate the highest common divisor of 16988 and 417028.
548
Calculate the highest common factor of 1929470 and 1610.
230
What is the greatest common divisor of 263534 and 132158?
782
What is the highest com